 is the greatest common divisor of 555 and 27097545?
15
What is the greatest common divisor of 1013418 and 26379?
27
What is the greatest common factor of 153 and 1790928?
9
Calculate the greatest common factor of 58 and 245078536.
58
What is the highest common factor of 2320 and 116549840?
2320
Calculate the highest common divisor of 3902699 and 81314.
373
Calculate the greatest common divisor of 489 and 13416041.
163
Calculate the greatest common factor of 5063 and 201856.
83
What is the highest common factor of 4096609 and 7106?
3553
Calculate the greatest common factor of 17757182 and 1640.
82
Calculate the highest common factor of 4822995 and 37185.
1005
What is the highest common factor of 12484 and 8292?
4
Calculate the highest common factor of 7047 and 196914843.
261
Calculate the highest common divisor of 148145 and 70985.
5
What is the highest common divisor of 2335 and 432035?
5
Calculate the greatest common factor of 106212161 and 143.
11
Calculate the highest common divisor of 834221640 and 980.
140
What is the highest common divisor of 4086464 and 244416?
4288
What is the greatest common factor of 3779754156 and 36?
36
What is the greatest common divisor of 1358082 and 198?
198
What is the greatest common divisor of 816981 and 1083?
57
Calculate the greatest common factor of 3273717 and 2.
1
What is the highest common factor of 56 and 246994090?
14
Calculate the greatest common factor of 271 and 1513.
1
What is the greatest common factor of 5624658 and 3718?
338
What is the greatest common factor of 5555 and 280347215?
505
Calculate the highest common factor of 7199244 and 1508.
52
What is the greatest common divisor of 201637 and 283846?
409
Calculate the highest common factor of 52638570 and 90.
90
What is the greatest common factor of 20339698 and 730?
146
Calculate the highest common factor of 8318462 and 1.
1
What is the highest common divisor of 1628 and 7717164?
148
Calculate the highest common factor of 21984011 and 1648.
103
Calculate the highest common factor of 42995596 and 321.
107
Calculate the greatest common factor of 3010 and 24290.
70
Calculate the greatest common divisor of 5666436 and 2187.
81
Calculate the greatest common factor of 13942966 and 1234.
1234
What is the highest common factor of 203384 and 11?
1
Calculate the highest common divisor of 86651409 and 156.
39
What is the greatest common divisor of 35 and 476752465?
35
What is the greatest common factor of 38328 and 5847?
3
Calculate the highest common divisor of 20678 and 53219264.
2954
What is the greatest common factor of 1158449 and 3971?
361
Calculate the greatest common divisor of 606976 and 34080754.
4742
What is the highest common factor of 82664 and 3176?
8
What is the highest common factor of 231523958 and 386?
386
Calculate the greatest common factor of 364884 and 11695.
2339
Calculate the greatest common factor of 2786 and 22175167.
1393
What is the greatest common factor of 868824 and 47106?
18
Calculate the highest common factor of 141314247 and 61.
61
What is the greatest common divisor of 372 and 1055431952?
124
What is the greatest common divisor of 883832 and 692?
4
Calculate the greatest common factor of 1977791 and 181676.
4129
Calculate the greatest common factor of 68264 and 14336.
56
What is the highest common factor of 2662 and 172707898?
2662
Calculate the highest common divisor of 12 and 1852412.
4
What is the greatest common factor of 1507191 and 931?
49
Calculate the greatest common divisor of 46784 and 1046104.
344
Calculate the greatest common divisor of 119 and 796684.
7
Calculate the highest common factor of 200461 and 4.
1
What is the greatest common divisor of 7968304 and 51566?
2714
What is the highest common factor of 8 and 3303096?
8
Calculate the highest common factor of 151445601 and 2718.
1359
Calculate the greatest common factor of 4804493 and 1127.
23
What is the highest common factor of 9088717 and 11573?
163
What is the highest common divisor of 489 and 300391233?
489
What is the greatest common divisor of 3721769 and 237?
79
Calculate the highest common divisor of 530174 and 206854.
118
Calculate the greatest common divisor of 140011 and 96.
1
What is the greatest common divisor of 611701402 and 2236?
1118
Calculate the highest common divisor of 879 and 612370.
293
What is the highest common divisor of 699250 and 486500?
250
Calculate the highest common factor of 391 and 222847.
23
Calculate the greatest common factor of 1124658 and 918.
54
Calculate the greatest common divisor of 23956 and 8.
4
Calculate the highest common divisor of 15242849 and 1192.
149
Calculate the greatest common divisor of 478825 and 54775.
25
Calculate the highest common factor of 177447399 and 267.
267
What is the greatest common factor of 6523750 and 5000?
1250
Calculate the highest common factor of 28420 and 1802220.
980
What is the greatest common factor of 11079611 and 5648?
353
What is the highest common factor of 61368 and 48456?
24
Calculate the greatest common divisor of 29 and 163959011.
29
Calculate the highest common divisor of 1968918 and 277046.
98
What is the highest common divisor of 15720 and 63404?
524
What is the greatest common divisor of 41570781 and 7518?
3759
Calculate the greatest common divisor of 401481 and 73532.
31
Calculate the greatest common divisor of 3201 and 416335931.
1067
Calculate the greatest common divisor of 96 and 534696.
24
Calculate the highest common divisor of 38 and 17662153.
19
Calculate the greatest common factor of 66543 and 3060437.
541
Calculate the greatest common factor of 5745681 and 21192.
2649
Calculate the greatest common divisor of 16714648 and 5872.
2936
Calculate the highest common divisor of 1248154 and 3154.
166
What is the highest common factor of 14321687 and 95?
19
What is the greatest common factor of 15739000 and 3400?
200
Calculate the highest common divisor of 853055 and 120.
5
What is the greatest common divisor of 10769 and 40940?
89
What is the greatest common factor of 34544 and 2623185?
2159
What is the greatest common factor of 6917627 and 20848?
1303
What is the greatest common divisor of 8150 and 10325?
25
What is the highest common divisor of 23574159 and 28?
7
What is the greatest common divisor of 1170 and 1643670?
90
Calculate the greatest common divisor of 15305840 and 64240.
880
Calculate the highest common factor of 51448282 and 217.
31
Calculate the highest common divisor of 31 and 33196133.
31
Calculate the highest common divisor of 21356985 and 930.
465
Calculate the highest common divisor of 289710 and 22272.
174
Calculate the highest common divisor of 18 and 2725332.
6
Calculate the greatest common divisor of 589042 and 93704.
106
Calculate the greatest common factor of 27132 and 4114374.
1938
What is the highest common divisor of 58 and 394187053?
29
What is the highest common divisor of 693 and 5649084?
63
What is the highest common divisor of 31388 and 1561952?
532
Calculate the greatest common divisor of 966275 and 175.
25
What is the highest common factor of 31131103 and 69634?
941
What is the greatest common divisor of 11940 and 16290?
30
Calculate the highest common factor of 125020451 and 127.
127
What is the highest common factor of 4158788 and 2623?
43
What is the greatest common factor of 4590 and 374799?
51
What is the greatest common divisor of 459814 and 9646836?
3086
What is the greatest common divisor of 106 and 11296367?
53
Calculate the greatest common divisor of 18 and 889206102.
18
What is the highest common divisor of 259519337 and 1078?
539
Calculate the greatest common divisor of 137189 and 305.
61
What is the highest common factor of 63 and 20249901?
63
What is the greatest common factor of 17453996 and 24892?
196
What is the greatest common divisor of 1819897 and 1585?
317
Calculate the highest common divisor of 66947560 and 20296.
344
Calculate the greatest common divisor of 1530 and 661110.
30
Calculate the highest common divisor of 9247833 and 21.
21
Calculate the highest common factor of 231814710 and 1215.
1215
What is the highest common divisor of 1722 and 5595926?
574
Calculate the greatest common divisor of 45123 and 3291951.
507
What is the greatest common divisor of 1252272 and 3444?
84
Calculate the great